{"id":526,"date":"2022-09-11T23:18:35","date_gmt":"2022-09-11T21:18:35","guid":{"rendered":"https:\/\/www.skiclubmassieu.fr\/?page_id=526"},"modified":"2022-10-02T20:41:55","modified_gmt":"2022-10-02T18:41:55","slug":"ag-2022","status":"publish","type":"page","link":"https:\/\/www.skiclubmassieu.fr\/index.php\/ag-2022\/","title":{"rendered":"AG-2022"},"content":{"rendered":"<p><span style=\"font-weight: 400;\">L&rsquo;assembl\u00e9e g\u00e9n\u00e9rale du <\/span><b>Massieu Ski Club<\/b><span style=\"font-weight: 400;\"> s&rsquo;est tenue vendredi 23 septembre 2022 \u00e0 20h30 \u00e0 la salle des f\u00eates de Massieu, en pr\u00e9sence de nombreux adh\u00e9rents et de repr\u00e9sentants de la mairie de Massieu et du d\u00e9partement de l\u2019Is\u00e8re.<\/span><\/p>\n<p><span style=\"font-weight: 400;\">Le bureau sortant a pr\u00e9sent\u00e9 son bilan d&rsquo;activit\u00e9 et son bilan comptable. Cette derni\u00e8re saison affiche un d\u00e9ficit contenu, qui r\u00e9sulte essentiellement du choix fait par le club d\u2019une reprise apr\u00e8s covid \u00e0 des prix tr\u00e8s doux. Les subventions des mairies, en particulier de Massieu, et du d\u00e9partement ont permis cette strat\u00e9gie tr\u00e8s attractive.<\/span><\/p>\n<p><span style=\"font-weight: 400;\">Malheureusement, pour l\u2019hiver prochain, nous n\u2019\u00e9chapperons pas aux cons\u00e9quences de l\u2019augmentation des co\u00fbts de transport. Cependant, conform\u00e9ment \u00e0 ses valeurs, le Massieu Ski Club restera le club le plus accessible de la r\u00e9gion.<\/span><\/p>\n<p><span style=\"font-weight: 400;\">Les inscriptions se d\u00e9rouleront le 4 d\u00e9cembre 2022 \u00e0 partir de 9h, pour une saison de ski qui d\u00e9butera le 7 janvier 2023.\u00a0<\/span><\/p>\n<p><span style=\"font-weight: 400;\">L\u2019assembl\u00e9e g\u00e9n\u00e9rale a approuv\u00e9 les bilans.\u00a0<\/span><\/p>\n<p><span style=\"font-weight: 400;\">\u00c0 la suite de cette pr\u00e9sentation, il a \u00e9t\u00e9 proc\u00e9d\u00e9 \u00e0 la constitution du comit\u00e9 de direction et \u00e0 l\u2019\u00e9lection du bureau.<\/span><\/p>\n<p><b>Bureau 2022 &#8211; 2023 Massieu Ski Club<\/b><\/p>\n<p><b>Pr\u00e9sident :<\/b><\/p>\n<p><b>M LE LANN Beno\u00eet<\/b><\/p>\n<p><span style=\"font-weight: 400;\">Profession : Conseiller ind\u00e9pendant en Immobilier<\/span><\/p>\n<p><b>Vice-pr\u00e9sident :<\/b><\/p>\n<p><b>M GENEVE Maxime<\/b><\/p>\n<p><span style=\"font-weight: 400;\">Profession : Fonctionnaire territorial<\/span><\/p>\n<p><b>Secr\u00e9taire :<\/b><\/p>\n<p><b>M VENUAT Pierre<\/b><\/p>\n<p><span style=\"font-weight: 400;\">Profession : Directeur Technique<\/span><\/p>\n<p><b>Vice-secr\u00e9taire :<\/b><\/p>\n<p><b>Mlle RIBON H\u00e9l\u00e8ne<\/b><\/p>\n<p><span style=\"font-weight: 400;\">Profession : Etudiante<\/span><\/p>\n<p><b>Tr\u00e9sori\u00e8re :<\/b><\/p>\n<p><b>Mme LOUVAT Chrystelle<\/b><\/p>\n<p><span style=\"font-weight: 400;\">Profession : Assistante Syndic<\/span><\/p>\n<p><b>Vice-tr\u00e9sorier :<\/b><\/p>\n<p><b>M BAYLE St\u00e9phane<\/b><\/p>\n<p><span style=\"font-weight: 400;\">Profession : Superviseur Exploitation<\/span><\/p>\n","protected":false},"excerpt":{"rendered":"<p>L&rsquo;assembl\u00e9e g\u00e9n\u00e9rale du Massieu Ski Club s&rsquo;est tenue vendredi 23 septembre 2022 \u00e0 20h30 \u00e0 la salle des f\u00eates de Massieu, en pr\u00e9sence de nombreux adh\u00e9rents et de repr\u00e9sentants de la mairie de Massieu et<\/p>\n","protected":false},"author":1,"featured_media":0,"parent":0,"menu_order":0,"comment_status":"closed","ping_status":"closed","template":"","meta":{"footnotes":""},"class_list":["post-526","page","type-page","status-publish","hentry","comments-off"],"yoast_head":"<!-- This site is optimized with the Yoast SEO plugin v24.0 - https:\/\/yoast.com\/wordpress\/plugins\/seo\/ -->\n<title>AG-2022 - Massieu Ski Club<\/title>\n<meta name=\"robots\" content=\"index, follow, max-snippet:-1, max-image-preview:large, max-video-preview:-1\" \/>\n<link rel=\"canonical\" href=\"https:\/\/www.skiclubmassieu.fr\/index.php\/ag-2022\/\" \/>\n<meta property=\"og:locale\" content=\"fr_FR\" \/>\n<meta property=\"og:type\" content=\"article\" \/>\n<meta property=\"og:title\" content=\"AG-2022 - Massieu Ski Club\" \/>\n<meta property=\"og:description\" content=\"L&rsquo;assembl\u00e9e g\u00e9n\u00e9rale du Massieu Ski Club s&rsquo;est tenue vendredi 23 septembre 2022 \u00e0 20h30 \u00e0 la salle des f\u00eates de Massieu, en pr\u00e9sence de nombreux adh\u00e9rents et de repr\u00e9sentants de la mairie de Massieu et\" \/>\n<meta property=\"og:url\" content=\"https:\/\/www.skiclubmassieu.fr\/index.php\/ag-2022\/\" \/>\n<meta property=\"og:site_name\" content=\"Massieu Ski Club\" \/>\n<meta property=\"article:modified_time\" content=\"2022-10-02T18:41:55+00:00\" \/>\n<meta name=\"twitter:card\" content=\"summary_large_image\" \/>\n<meta name=\"twitter:label1\" content=\"Dur\u00e9e de lecture estim\u00e9e\" \/>\n\t<meta name=\"twitter:data1\" content=\"1 minute\" \/>\n<script type=\"application\/ld+json\" class=\"yoast-schema-graph\">{\"@context\":\"https:\/\/schema.org\",\"@graph\":[{\"@type\":\"WebPage\",\"@id\":\"https:\/\/www.skiclubmassieu.fr\/index.php\/ag-2022\/\",\"url\":\"https:\/\/www.skiclubmassieu.fr\/index.php\/ag-2022\/\",\"name\":\"AG-2022 - Massieu Ski Club\",\"isPartOf\":{\"@id\":\"https:\/\/www.skiclubmassieu.fr\/#website\"},\"datePublished\":\"2022-09-11T21:18:35+00:00\",\"dateModified\":\"2022-10-02T18:41:55+00:00\",\"breadcrumb\":{\"@id\":\"https:\/\/www.skiclubmassieu.fr\/index.php\/ag-2022\/#breadcrumb\"},\"inLanguage\":\"fr-FR\",\"potentialAction\":[{\"@type\":\"ReadAction\",\"target\":[\"https:\/\/www.skiclubmassieu.fr\/index.php\/ag-2022\/\"]}]},{\"@type\":\"BreadcrumbList\",\"@id\":\"https:\/\/www.skiclubmassieu.fr\/index.php\/ag-2022\/#breadcrumb\",\"itemListElement\":[{\"@type\":\"ListItem\",\"position\":1,\"name\":\"Accueil\",\"item\":\"https:\/\/www.skiclubmassieu.fr\/\"},{\"@type\":\"ListItem\",\"position\":2,\"name\":\"AG-2022\"}]},{\"@type\":\"WebSite\",\"@id\":\"https:\/\/www.skiclubmassieu.fr\/#website\",\"url\":\"https:\/\/www.skiclubmassieu.fr\/\",\"name\":\"Massieu Ski Club\",\"description\":\"Valdaine, Pays Voironnais, ski en Chartreuse\",\"potentialAction\":[{\"@type\":\"SearchAction\",\"target\":{\"@type\":\"EntryPoint\",\"urlTemplate\":\"https:\/\/www.skiclubmassieu.fr\/?s={search_term_string}\"},\"query-input\":{\"@type\":\"PropertyValueSpecification\",\"valueRequired\":true,\"valueName\":\"search_term_string\"}}],\"inLanguage\":\"fr-FR\"}]}<\/script>\n<!-- \/ Yoast SEO plugin. -->","yoast_head_json":{"title":"AG-2022 - Massieu Ski Club","robots":{"index":"index","follow":"follow","max-snippet":"max-snippet:-1","max-image-preview":"max-image-preview:large","max-video-preview":"max-video-preview:-1"},"canonical":"https:\/\/www.skiclubmassieu.fr\/index.php\/ag-2022\/","og_locale":"fr_FR","og_type":"article","og_title":"AG-2022 - Massieu Ski Club","og_description":"L&rsquo;assembl\u00e9e g\u00e9n\u00e9rale du Massieu Ski Club s&rsquo;est tenue vendredi 23 septembre 2022 \u00e0 20h30 \u00e0 la salle des f\u00eates de Massieu, en pr\u00e9sence de nombreux adh\u00e9rents et de repr\u00e9sentants de la mairie de Massieu et","og_url":"https:\/\/www.skiclubmassieu.fr\/index.php\/ag-2022\/","og_site_name":"Massieu Ski Club","article_modified_time":"2022-10-02T18:41:55+00:00","twitter_card":"summary_large_image","twitter_misc":{"Dur\u00e9e de lecture estim\u00e9e":"1 minute"},"schema":{"@context":"https:\/\/schema.org","@graph":[{"@type":"WebPage","@id":"https:\/\/www.skiclubmassieu.fr\/index.php\/ag-2022\/","url":"https:\/\/www.skiclubmassieu.fr\/index.php\/ag-2022\/","name":"AG-2022 - Massieu Ski Club","isPartOf":{"@id":"https:\/\/www.skiclubmassieu.fr\/#website"},"datePublished":"2022-09-11T21:18:35+00:00","dateModified":"2022-10-02T18:41:55+00:00","breadcrumb":{"@id":"https:\/\/www.skiclubmassieu.fr\/index.php\/ag-2022\/#breadcrumb"},"inLanguage":"fr-FR","potentialAction":[{"@type":"ReadAction","target":["https:\/\/www.skiclubmassieu.fr\/index.php\/ag-2022\/"]}]},{"@type":"BreadcrumbList","@id":"https:\/\/www.skiclubmassieu.fr\/index.php\/ag-2022\/#breadcrumb","itemListElement":[{"@type":"ListItem","position":1,"name":"Accueil","item":"https:\/\/www.skiclubmassieu.fr\/"},{"@type":"ListItem","position":2,"name":"AG-2022"}]},{"@type":"WebSite","@id":"https:\/\/www.skiclubmassieu.fr\/#website","url":"https:\/\/www.skiclubmassieu.fr\/","name":"Massieu Ski Club","description":"Valdaine, Pays Voironnais, ski en Chartreuse","potentialAction":[{"@type":"SearchAction","target":{"@type":"EntryPoint","urlTemplate":"https:\/\/www.skiclubmassieu.fr\/?s={search_term_string}"},"query-input":{"@type":"PropertyValueSpecification","valueRequired":true,"valueName":"search_term_string"}}],"inLanguage":"fr-FR"}]}},"_links":{"self":[{"href":"https:\/\/www.skiclubmassieu.fr\/index.php\/wp-json\/wp\/v2\/pages\/526","targetHints":{"allow":["GET"]}}],"collection":[{"href":"https:\/\/www.skiclubmassieu.fr\/index.php\/wp-json\/wp\/v2\/pages"}],"about":[{"href":"https:\/\/www.skiclubmassieu.fr\/index.php\/wp-json\/wp\/v2\/types\/page"}],"author":[{"embeddable":true,"href":"https:\/\/www.skiclubmassieu.fr\/index.php\/wp-json\/wp\/v2\/users\/1"}],"replies":[{"embeddable":true,"href":"https:\/\/www.skiclubmassieu.fr\/index.php\/wp-json\/wp\/v2\/comments?post=526"}],"version-history":[{"count":4,"href":"https:\/\/www.skiclubmassieu.fr\/index.php\/wp-json\/wp\/v2\/pages\/526\/revisions"}],"predecessor-version":[{"id":740,"href":"https:\/\/www.skiclubmassieu.fr\/index.php\/wp-json\/wp\/v2\/pages\/526\/revisions\/740"}],"wp:attachment":[{"href":"https:\/\/www.skiclubmassieu.fr\/index.php\/wp-json\/wp\/v2\/media?parent=526"}],"curies":[{"name":"wp","href":"https:\/\/api.w.org\/{rel}","templated":true}]}}