{"id":294,"date":"2019-10-01T21:09:42","date_gmt":"2019-10-01T19:09:42","guid":{"rendered":"https:\/\/www.skiclubmassieu.fr\/?page_id=294"},"modified":"2023-01-26T23:29:59","modified_gmt":"2023-01-26T22:29:59","slug":"une-journee-au-massieu-ski-club","status":"publish","type":"page","link":"https:\/\/www.skiclubmassieu.fr\/index.php\/une-journee-au-massieu-ski-club\/","title":{"rendered":"Une journ\u00e9e au Massieu Ski Club"},"content":{"rendered":"<h3>Organisation des sorties:<\/h3>\n<p><img loading=\"lazy\" decoding=\"async\" class=\"size-full wp-image-307 alignnone\" src=\"https:\/\/www.skiclubmassieu.fr\/wp-content\/uploads\/2019\/10\/groupe_car-min.jpg\" alt=\"\" width=\"681\" height=\"200\" srcset=\"https:\/\/www.skiclubmassieu.fr\/wp-content\/uploads\/2019\/10\/groupe_car-min.jpg 681w, https:\/\/www.skiclubmassieu.fr\/wp-content\/uploads\/2019\/10\/groupe_car-min-300x88.jpg 300w\" sizes=\"auto, (max-width: 681px) 100vw, 681px\" \/><\/p>\n<ul>\n<li><strong>Pr\u00e9sence requise \u00e0 08h30.<\/strong> Il nous faut du temps pour ranger les skis et \u00e9quipements, faire monter les enfants dans les cars.<\/li>\n<li>8h45 on compte les enfants (si ils arr\u00eatent de bouger)<\/li>\n<li>9h55 on recompte les enfants (parce-que on a quand m\u00eame un doute)<\/li>\n<li><strong>D\u00e9part des cars \u00e0 9h15 pr\u00e9cises.<\/strong> (Pour s&rsquo;occuper pendant le trajet, on recompte les enfants)<br \/>\n<h3><strong>En pratique:<\/strong><\/h3>\n<\/li>\n<li>Les enfants se pr\u00e9sentent aupr\u00e8s de leur accompagnateur avec leur mat\u00e9riel: Casque (indispensable), skis, chaussures, sac, b\u00e2tons, casse cro\u00fbte.<\/li>\n<li>Le port du casque est obligatoire pour tous les adh\u00e9rents.<\/li>\n<li>Pour les surfeurs nous demandons en plus du casque de vous \u00e9quiper de protections suppl\u00e9mentaires pour poignets, genoux et dos.<\/li>\n<\/ul>\n<p>Pour savoir si une sortie est maintenue, diff\u00e9r\u00e9e ou annul\u00e9e, un mail est envoy\u00e9 aux adh\u00e9rents.<\/p>\n<p>Cette information est \u00e9galement disponible sur le site internet et sur la page <a href=\"https:\/\/www.facebook.com\/massieuskiclub\">facebook.<\/a><\/p>\n<p>Les parents sont pri\u00e9s de stationner sur le nouveau parking du ch\u00e2teau derri\u00e8re la salle des f\u00eates de mani\u00e8re \u00e0 laisser de la place aux autocars pour se garer en toute s\u00e9curit\u00e9.<\/p>\n<p>Pr\u00e9cautions pour les enfants: manger l\u00e9g\u00e8rement avant le d\u00e9part et pr\u00e9parer un bon go\u00fbter. Apportez de la cr\u00e8me solaire, lunettes de soleil, affaire de rechange (chaussettes, T-shirt, &#8230;) et v\u00eatements chauds en cas de mauvais temps.<br \/>\nHeure et lieu de retour : entre 18h et 18h30, devant l\u2019\u00e9cole de Massieu.<\/p>\n","protected":false},"excerpt":{"rendered":"<p>Organisation des sorties: Pr\u00e9sence requise \u00e0 08h30. Il nous faut du temps pour ranger les skis et \u00e9quipements, faire monter les enfants dans les cars. 8h45 on compte les enfants (si ils arr\u00eatent de bouger)<\/p>\n","protected":false},"author":1,"featured_media":0,"parent":0,"menu_order":0,"comment_status":"closed","ping_status":"closed","template":"","meta":{"footnotes":""},"class_list":["post-294","page","type-page","status-publish","hentry","comments-off"],"yoast_head":"<!-- This site is optimized with the Yoast SEO plugin v24.0 - https:\/\/yoast.com\/wordpress\/plugins\/seo\/ -->\n<title>Une journ\u00e9e au Massieu Ski Club - Massieu Ski Club<\/title>\n<meta name=\"robots\" content=\"index, follow, max-snippet:-1, max-image-preview:large, max-video-preview:-1\" \/>\n<link rel=\"canonical\" href=\"https:\/\/www.skiclubmassieu.fr\/index.php\/une-journee-au-massieu-ski-club\/\" \/>\n<meta property=\"og:locale\" content=\"fr_FR\" \/>\n<meta property=\"og:type\" content=\"article\" \/>\n<meta property=\"og:title\" content=\"Une journ\u00e9e au Massieu Ski Club - Massieu Ski Club\" \/>\n<meta property=\"og:description\" content=\"Organisation des sorties: Pr\u00e9sence requise \u00e0 08h30. Il nous faut du temps pour ranger les skis et \u00e9quipements, faire monter les enfants dans les cars. 8h45 on compte les enfants (si ils arr\u00eatent de bouger)\" \/>\n<meta property=\"og:url\" content=\"https:\/\/www.skiclubmassieu.fr\/index.php\/une-journee-au-massieu-ski-club\/\" \/>\n<meta property=\"og:site_name\" content=\"Massieu Ski Club\" \/>\n<meta property=\"article:modified_time\" content=\"2023-01-26T22:29:59+00:00\" \/>\n<meta property=\"og:image\" content=\"https:\/\/www.skiclubmassieu.fr\/wp-content\/uploads\/2019\/10\/groupe_car-min.jpg\" \/>\n<meta name=\"twitter:card\" content=\"summary_large_image\" \/>\n<meta name=\"twitter:label1\" content=\"Dur\u00e9e de lecture estim\u00e9e\" \/>\n\t<meta name=\"twitter:data1\" content=\"2 minutes\" \/>\n<script type=\"application\/ld+json\" class=\"yoast-schema-graph\">{\"@context\":\"https:\/\/schema.org\",\"@graph\":[{\"@type\":\"WebPage\",\"@id\":\"https:\/\/www.skiclubmassieu.fr\/index.php\/une-journee-au-massieu-ski-club\/\",\"url\":\"https:\/\/www.skiclubmassieu.fr\/index.php\/une-journee-au-massieu-ski-club\/\",\"name\":\"Une journ\u00e9e au Massieu Ski Club - Massieu Ski Club\",\"isPartOf\":{\"@id\":\"https:\/\/www.skiclubmassieu.fr\/#website\"},\"primaryImageOfPage\":{\"@id\":\"https:\/\/www.skiclubmassieu.fr\/index.php\/une-journee-au-massieu-ski-club\/#primaryimage\"},\"image\":{\"@id\":\"https:\/\/www.skiclubmassieu.fr\/index.php\/une-journee-au-massieu-ski-club\/#primaryimage\"},\"thumbnailUrl\":\"https:\/\/www.skiclubmassieu.fr\/wp-content\/uploads\/2019\/10\/groupe_car-min.jpg\",\"datePublished\":\"2019-10-01T19:09:42+00:00\",\"dateModified\":\"2023-01-26T22:29:59+00:00\",\"breadcrumb\":{\"@id\":\"https:\/\/www.skiclubmassieu.fr\/index.php\/une-journee-au-massieu-ski-club\/#breadcrumb\"},\"inLanguage\":\"fr-FR\",\"potentialAction\":[{\"@type\":\"ReadAction\",\"target\":[\"https:\/\/www.skiclubmassieu.fr\/index.php\/une-journee-au-massieu-ski-club\/\"]}]},{\"@type\":\"ImageObject\",\"inLanguage\":\"fr-FR\",\"@id\":\"https:\/\/www.skiclubmassieu.fr\/index.php\/une-journee-au-massieu-ski-club\/#primaryimage\",\"url\":\"https:\/\/www.skiclubmassieu.fr\/wp-content\/uploads\/2019\/10\/groupe_car-min.jpg\",\"contentUrl\":\"https:\/\/www.skiclubmassieu.fr\/wp-content\/uploads\/2019\/10\/groupe_car-min.jpg\",\"width\":681,\"height\":200},{\"@type\":\"BreadcrumbList\",\"@id\":\"https:\/\/www.skiclubmassieu.fr\/index.php\/une-journee-au-massieu-ski-club\/#breadcrumb\",\"itemListElement\":[{\"@type\":\"ListItem\",\"position\":1,\"name\":\"Accueil\",\"item\":\"https:\/\/www.skiclubmassieu.fr\/\"},{\"@type\":\"ListItem\",\"position\":2,\"name\":\"Une journ\u00e9e au Massieu Ski Club\"}]},{\"@type\":\"WebSite\",\"@id\":\"https:\/\/www.skiclubmassieu.fr\/#website\",\"url\":\"https:\/\/www.skiclubmassieu.fr\/\",\"name\":\"Massieu Ski Club\",\"description\":\"Valdaine, Pays Voironnais, ski en Chartreuse\",\"potentialAction\":[{\"@type\":\"SearchAction\",\"target\":{\"@type\":\"EntryPoint\",\"urlTemplate\":\"https:\/\/www.skiclubmassieu.fr\/?s={search_term_string}\"},\"query-input\":{\"@type\":\"PropertyValueSpecification\",\"valueRequired\":true,\"valueName\":\"search_term_string\"}}],\"inLanguage\":\"fr-FR\"}]}<\/script>\n<!-- \/ Yoast SEO plugin. -->","yoast_head_json":{"title":"Une journ\u00e9e au Massieu Ski Club - Massieu Ski Club","robots":{"index":"index","follow":"follow","max-snippet":"max-snippet:-1","max-image-preview":"max-image-preview:large","max-video-preview":"max-video-preview:-1"},"canonical":"https:\/\/www.skiclubmassieu.fr\/index.php\/une-journee-au-massieu-ski-club\/","og_locale":"fr_FR","og_type":"article","og_title":"Une journ\u00e9e au Massieu Ski Club - Massieu Ski Club","og_description":"Organisation des sorties: Pr\u00e9sence requise \u00e0 08h30. Il nous faut du temps pour ranger les skis et \u00e9quipements, faire monter les enfants dans les cars. 8h45 on compte les enfants (si ils arr\u00eatent de bouger)","og_url":"https:\/\/www.skiclubmassieu.fr\/index.php\/une-journee-au-massieu-ski-club\/","og_site_name":"Massieu Ski Club","article_modified_time":"2023-01-26T22:29:59+00:00","og_image":[{"url":"https:\/\/www.skiclubmassieu.fr\/wp-content\/uploads\/2019\/10\/groupe_car-min.jpg","type":"","width":"","height":""}],"twitter_card":"summary_large_image","twitter_misc":{"Dur\u00e9e de lecture estim\u00e9e":"2 minutes"},"schema":{"@context":"https:\/\/schema.org","@graph":[{"@type":"WebPage","@id":"https:\/\/www.skiclubmassieu.fr\/index.php\/une-journee-au-massieu-ski-club\/","url":"https:\/\/www.skiclubmassieu.fr\/index.php\/une-journee-au-massieu-ski-club\/","name":"Une journ\u00e9e au Massieu Ski Club - Massieu Ski Club","isPartOf":{"@id":"https:\/\/www.skiclubmassieu.fr\/#website"},"primaryImageOfPage":{"@id":"https:\/\/www.skiclubmassieu.fr\/index.php\/une-journee-au-massieu-ski-club\/#primaryimage"},"image":{"@id":"https:\/\/www.skiclubmassieu.fr\/index.php\/une-journee-au-massieu-ski-club\/#primaryimage"},"thumbnailUrl":"https:\/\/www.skiclubmassieu.fr\/wp-content\/uploads\/2019\/10\/groupe_car-min.jpg","datePublished":"2019-10-01T19:09:42+00:00","dateModified":"2023-01-26T22:29:59+00:00","breadcrumb":{"@id":"https:\/\/www.skiclubmassieu.fr\/index.php\/une-journee-au-massieu-ski-club\/#breadcrumb"},"inLanguage":"fr-FR","potentialAction":[{"@type":"ReadAction","target":["https:\/\/www.skiclubmassieu.fr\/index.php\/une-journee-au-massieu-ski-club\/"]}]},{"@type":"ImageObject","inLanguage":"fr-FR","@id":"https:\/\/www.skiclubmassieu.fr\/index.php\/une-journee-au-massieu-ski-club\/#primaryimage","url":"https:\/\/www.skiclubmassieu.fr\/wp-content\/uploads\/2019\/10\/groupe_car-min.jpg","contentUrl":"https:\/\/www.skiclubmassieu.fr\/wp-content\/uploads\/2019\/10\/groupe_car-min.jpg","width":681,"height":200},{"@type":"BreadcrumbList","@id":"https:\/\/www.skiclubmassieu.fr\/index.php\/une-journee-au-massieu-ski-club\/#breadcrumb","itemListElement":[{"@type":"ListItem","position":1,"name":"Accueil","item":"https:\/\/www.skiclubmassieu.fr\/"},{"@type":"ListItem","position":2,"name":"Une journ\u00e9e au Massieu Ski Club"}]},{"@type":"WebSite","@id":"https:\/\/www.skiclubmassieu.fr\/#website","url":"https:\/\/www.skiclubmassieu.fr\/","name":"Massieu Ski Club","description":"Valdaine, Pays Voironnais, ski en Chartreuse","potentialAction":[{"@type":"SearchAction","target":{"@type":"EntryPoint","urlTemplate":"https:\/\/www.skiclubmassieu.fr\/?s={search_term_string}"},"query-input":{"@type":"PropertyValueSpecification","valueRequired":true,"valueName":"search_term_string"}}],"inLanguage":"fr-FR"}]}},"_links":{"self":[{"href":"https:\/\/www.skiclubmassieu.fr\/index.php\/wp-json\/wp\/v2\/pages\/294","targetHints":{"allow":["GET"]}}],"collection":[{"href":"https:\/\/www.skiclubmassieu.fr\/index.php\/wp-json\/wp\/v2\/pages"}],"about":[{"href":"https:\/\/www.skiclubmassieu.fr\/index.php\/wp-json\/wp\/v2\/types\/page"}],"author":[{"embeddable":true,"href":"https:\/\/www.skiclubmassieu.fr\/index.php\/wp-json\/wp\/v2\/users\/1"}],"replies":[{"embeddable":true,"href":"https:\/\/www.skiclubmassieu.fr\/index.php\/wp-json\/wp\/v2\/comments?post=294"}],"version-history":[{"count":11,"href":"https:\/\/www.skiclubmassieu.fr\/index.php\/wp-json\/wp\/v2\/pages\/294\/revisions"}],"predecessor-version":[{"id":975,"href":"https:\/\/www.skiclubmassieu.fr\/index.php\/wp-json\/wp\/v2\/pages\/294\/revisions\/975"}],"wp:attachment":[{"href":"https:\/\/www.skiclubmassieu.fr\/index.php\/wp-json\/wp\/v2\/media?parent=294"}],"curies":[{"name":"wp","href":"https:\/\/api.w.org\/{rel}","templated":true}]}}