{"id":14,"date":"2019-09-22T11:37:28","date_gmt":"2019-09-22T09:37:28","guid":{"rendered":"http:\/\/www.skiclubmassieu.fr\/?page_id=14"},"modified":"2025-11-19T14:29:18","modified_gmt":"2025-11-19T13:29:18","slug":"leclub","status":"publish","type":"page","link":"https:\/\/www.skiclubmassieu.fr\/index.php\/leclub\/","title":{"rendered":"LE CLUB"},"content":{"rendered":"<p><img loading=\"lazy\" decoding=\"async\" class=\"size-full wp-image-35 alignnone\" src=\"https:\/\/www.skiclubmassieu.fr\/wp-content\/uploads\/2019\/03\/P1011461-min.jpg\" alt=\"\" width=\"1024\" height=\"424\" srcset=\"https:\/\/www.skiclubmassieu.fr\/wp-content\/uploads\/2019\/03\/P1011461-min.jpg 1024w, https:\/\/www.skiclubmassieu.fr\/wp-content\/uploads\/2019\/03\/P1011461-min-300x124.jpg 300w, https:\/\/www.skiclubmassieu.fr\/wp-content\/uploads\/2019\/03\/P1011461-min-768x318.jpg 768w\" sizes=\"auto, (max-width: 1024px) 100vw, 1024px\" \/><\/p>\n<p style=\"text-align: justify;\"><strong>Le Massieu ski club voit le jour en 1984.<\/strong> Une poign\u00e9e de passionn\u00e9s, envieux de partager leur amour du ski et de la montagne avec le plus grand nombre, se rassemble. C&rsquo;est aussi le d\u00e9sir de permettre \u00e0 des enfants, ind\u00e9pendamment de leur condition sociale, d&rsquo;acc\u00e9der aux plaisirs du ski. Ainsi, depuis maintenant plus de 35 ans, le samedi matin en hiver, le centre de Massieu tourne autour des autocars qui se remplissent de jeunes skieurs et de leurs accompagnateurs. Loin de l&rsquo;\u00e9lite, le Massieu Ski Club se veut populaire, accessible \u00e0 tous. Si vous n&rsquo;avez pas de mat\u00e9riel pour vos enfants, vous pourrez en louer \u00e0 des tarifs pr\u00e9f\u00e9rentiels. Les inscriptions sont \u00e9galement modiques si on les rapporte au co\u00fbt \u00e0 la sortie.<\/p>\n<div id=\"pdt\">\u00a0<\/div>\n\n\n<p><\/p>\n","protected":false},"excerpt":{"rendered":"<p>Le Massieu ski club voit le jour en 1984. Une poign\u00e9e de passionn\u00e9s, envieux de partager leur amour du ski et de la montagne avec le plus grand nombre, se rassemble. C&rsquo;est aussi le d\u00e9sir<\/p>\n","protected":false},"author":1,"featured_media":0,"parent":0,"menu_order":0,"comment_status":"closed","ping_status":"closed","template":"","meta":{"footnotes":""},"class_list":["post-14","page","type-page","status-publish","hentry","comments-off"],"yoast_head":"<!-- This site is optimized with the Yoast SEO plugin v24.0 - https:\/\/yoast.com\/wordpress\/plugins\/seo\/ -->\n<title>LE CLUB - Massieu Ski Club<\/title>\n<meta name=\"robots\" content=\"index, follow, max-snippet:-1, max-image-preview:large, max-video-preview:-1\" \/>\n<link rel=\"canonical\" href=\"https:\/\/www.skiclubmassieu.fr\/index.php\/leclub\/\" \/>\n<meta property=\"og:locale\" content=\"fr_FR\" \/>\n<meta property=\"og:type\" content=\"article\" \/>\n<meta property=\"og:title\" content=\"LE CLUB - Massieu Ski Club\" \/>\n<meta property=\"og:description\" content=\"Le Massieu ski club voit le jour en 1984. Une poign\u00e9e de passionn\u00e9s, envieux de partager leur amour du ski et de la montagne avec le plus grand nombre, se rassemble. C&rsquo;est aussi le d\u00e9sir\" \/>\n<meta property=\"og:url\" content=\"https:\/\/www.skiclubmassieu.fr\/index.php\/leclub\/\" \/>\n<meta property=\"og:site_name\" content=\"Massieu Ski Club\" \/>\n<meta property=\"article:modified_time\" content=\"2025-11-19T13:29:18+00:00\" \/>\n<meta property=\"og:image\" content=\"https:\/\/www.skiclubmassieu.fr\/wp-content\/uploads\/2019\/03\/P1011461-min.jpg\" \/>\n\t<meta property=\"og:image:width\" content=\"1024\" \/>\n\t<meta property=\"og:image:height\" content=\"424\" \/>\n\t<meta property=\"og:image:type\" content=\"image\/jpeg\" \/>\n<meta name=\"twitter:card\" content=\"summary_large_image\" \/>\n<meta name=\"twitter:label1\" content=\"Dur\u00e9e de lecture estim\u00e9e\" \/>\n\t<meta name=\"twitter:data1\" content=\"1 minute\" \/>\n<script type=\"application\/ld+json\" class=\"yoast-schema-graph\">{\"@context\":\"https:\/\/schema.org\",\"@graph\":[{\"@type\":\"WebPage\",\"@id\":\"https:\/\/www.skiclubmassieu.fr\/index.php\/leclub\/\",\"url\":\"https:\/\/www.skiclubmassieu.fr\/index.php\/leclub\/\",\"name\":\"LE CLUB - Massieu Ski Club\",\"isPartOf\":{\"@id\":\"https:\/\/www.skiclubmassieu.fr\/#website\"},\"primaryImageOfPage\":{\"@id\":\"https:\/\/www.skiclubmassieu.fr\/index.php\/leclub\/#primaryimage\"},\"image\":{\"@id\":\"https:\/\/www.skiclubmassieu.fr\/index.php\/leclub\/#primaryimage\"},\"thumbnailUrl\":\"https:\/\/www.skiclubmassieu.fr\/wp-content\/uploads\/2019\/03\/P1011461-min.jpg\",\"datePublished\":\"2019-09-22T09:37:28+00:00\",\"dateModified\":\"2025-11-19T13:29:18+00:00\",\"breadcrumb\":{\"@id\":\"https:\/\/www.skiclubmassieu.fr\/index.php\/leclub\/#breadcrumb\"},\"inLanguage\":\"fr-FR\",\"potentialAction\":[{\"@type\":\"ReadAction\",\"target\":[\"https:\/\/www.skiclubmassieu.fr\/index.php\/leclub\/\"]}]},{\"@type\":\"ImageObject\",\"inLanguage\":\"fr-FR\",\"@id\":\"https:\/\/www.skiclubmassieu.fr\/index.php\/leclub\/#primaryimage\",\"url\":\"https:\/\/www.skiclubmassieu.fr\/wp-content\/uploads\/2019\/03\/P1011461-min.jpg\",\"contentUrl\":\"https:\/\/www.skiclubmassieu.fr\/wp-content\/uploads\/2019\/03\/P1011461-min.jpg\",\"width\":1024,\"height\":424},{\"@type\":\"BreadcrumbList\",\"@id\":\"https:\/\/www.skiclubmassieu.fr\/index.php\/leclub\/#breadcrumb\",\"itemListElement\":[{\"@type\":\"ListItem\",\"position\":1,\"name\":\"Accueil\",\"item\":\"https:\/\/www.skiclubmassieu.fr\/\"},{\"@type\":\"ListItem\",\"position\":2,\"name\":\"LE CLUB\"}]},{\"@type\":\"WebSite\",\"@id\":\"https:\/\/www.skiclubmassieu.fr\/#website\",\"url\":\"https:\/\/www.skiclubmassieu.fr\/\",\"name\":\"Massieu Ski Club\",\"description\":\"Valdaine, Pays Voironnais, ski en Chartreuse\",\"potentialAction\":[{\"@type\":\"SearchAction\",\"target\":{\"@type\":\"EntryPoint\",\"urlTemplate\":\"https:\/\/www.skiclubmassieu.fr\/?s={search_term_string}\"},\"query-input\":{\"@type\":\"PropertyValueSpecification\",\"valueRequired\":true,\"valueName\":\"search_term_string\"}}],\"inLanguage\":\"fr-FR\"}]}<\/script>\n<!-- \/ Yoast SEO plugin. -->","yoast_head_json":{"title":"LE CLUB - Massieu Ski Club","robots":{"index":"index","follow":"follow","max-snippet":"max-snippet:-1","max-image-preview":"max-image-preview:large","max-video-preview":"max-video-preview:-1"},"canonical":"https:\/\/www.skiclubmassieu.fr\/index.php\/leclub\/","og_locale":"fr_FR","og_type":"article","og_title":"LE CLUB - Massieu Ski Club","og_description":"Le Massieu ski club voit le jour en 1984. Une poign\u00e9e de passionn\u00e9s, envieux de partager leur amour du ski et de la montagne avec le plus grand nombre, se rassemble. C&rsquo;est aussi le d\u00e9sir","og_url":"https:\/\/www.skiclubmassieu.fr\/index.php\/leclub\/","og_site_name":"Massieu Ski Club","article_modified_time":"2025-11-19T13:29:18+00:00","og_image":[{"width":1024,"height":424,"url":"https:\/\/www.skiclubmassieu.fr\/wp-content\/uploads\/2019\/03\/P1011461-min.jpg","type":"image\/jpeg"}],"twitter_card":"summary_large_image","twitter_misc":{"Dur\u00e9e de lecture estim\u00e9e":"1 minute"},"schema":{"@context":"https:\/\/schema.org","@graph":[{"@type":"WebPage","@id":"https:\/\/www.skiclubmassieu.fr\/index.php\/leclub\/","url":"https:\/\/www.skiclubmassieu.fr\/index.php\/leclub\/","name":"LE CLUB - Massieu Ski Club","isPartOf":{"@id":"https:\/\/www.skiclubmassieu.fr\/#website"},"primaryImageOfPage":{"@id":"https:\/\/www.skiclubmassieu.fr\/index.php\/leclub\/#primaryimage"},"image":{"@id":"https:\/\/www.skiclubmassieu.fr\/index.php\/leclub\/#primaryimage"},"thumbnailUrl":"https:\/\/www.skiclubmassieu.fr\/wp-content\/uploads\/2019\/03\/P1011461-min.jpg","datePublished":"2019-09-22T09:37:28+00:00","dateModified":"2025-11-19T13:29:18+00:00","breadcrumb":{"@id":"https:\/\/www.skiclubmassieu.fr\/index.php\/leclub\/#breadcrumb"},"inLanguage":"fr-FR","potentialAction":[{"@type":"ReadAction","target":["https:\/\/www.skiclubmassieu.fr\/index.php\/leclub\/"]}]},{"@type":"ImageObject","inLanguage":"fr-FR","@id":"https:\/\/www.skiclubmassieu.fr\/index.php\/leclub\/#primaryimage","url":"https:\/\/www.skiclubmassieu.fr\/wp-content\/uploads\/2019\/03\/P1011461-min.jpg","contentUrl":"https:\/\/www.skiclubmassieu.fr\/wp-content\/uploads\/2019\/03\/P1011461-min.jpg","width":1024,"height":424},{"@type":"BreadcrumbList","@id":"https:\/\/www.skiclubmassieu.fr\/index.php\/leclub\/#breadcrumb","itemListElement":[{"@type":"ListItem","position":1,"name":"Accueil","item":"https:\/\/www.skiclubmassieu.fr\/"},{"@type":"ListItem","position":2,"name":"LE CLUB"}]},{"@type":"WebSite","@id":"https:\/\/www.skiclubmassieu.fr\/#website","url":"https:\/\/www.skiclubmassieu.fr\/","name":"Massieu Ski Club","description":"Valdaine, Pays Voironnais, ski en Chartreuse","potentialAction":[{"@type":"SearchAction","target":{"@type":"EntryPoint","urlTemplate":"https:\/\/www.skiclubmassieu.fr\/?s={search_term_string}"},"query-input":{"@type":"PropertyValueSpecification","valueRequired":true,"valueName":"search_term_string"}}],"inLanguage":"fr-FR"}]}},"_links":{"self":[{"href":"https:\/\/www.skiclubmassieu.fr\/index.php\/wp-json\/wp\/v2\/pages\/14","targetHints":{"allow":["GET"]}}],"collection":[{"href":"https:\/\/www.skiclubmassieu.fr\/index.php\/wp-json\/wp\/v2\/pages"}],"about":[{"href":"https:\/\/www.skiclubmassieu.fr\/index.php\/wp-json\/wp\/v2\/types\/page"}],"author":[{"embeddable":true,"href":"https:\/\/www.skiclubmassieu.fr\/index.php\/wp-json\/wp\/v2\/users\/1"}],"replies":[{"embeddable":true,"href":"https:\/\/www.skiclubmassieu.fr\/index.php\/wp-json\/wp\/v2\/comments?post=14"}],"version-history":[{"count":16,"href":"https:\/\/www.skiclubmassieu.fr\/index.php\/wp-json\/wp\/v2\/pages\/14\/revisions"}],"predecessor-version":[{"id":1367,"href":"https:\/\/www.skiclubmassieu.fr\/index.php\/wp-json\/wp\/v2\/pages\/14\/revisions\/1367"}],"wp:attachment":[{"href":"https:\/\/www.skiclubmassieu.fr\/index.php\/wp-json\/wp\/v2\/media?parent=14"}],"curies":[{"name":"wp","href":"https:\/\/api.w.org\/{rel}","templated":true}]}}